- 36. Let x be 1/(-4 - t/(-8)). Calculate the highest common factor of x and 3.
1
Let q = 976 - 262. Calculate the highest common divisor of q and 84.
42
Suppose -15 = 5*b, 9 = v - 2*b - 4. Suppose 2*f - 5 = v*f. Let a = 11 + f. Calculate the highest common factor of a and 90.
10
Let p = 445 + -263. Suppose -2*u + p = 3*z + 75, 3*u - 2*z - 167 = 0. What is the greatest common factor of 5 and u?
5
Let d be (-99)/(-33)*(-28)/(-6). What is the greatest common factor of d and 2?
2
Let f(k) be the third derivative of k**5/30 - 17*k**3/6 + 5*k**2. Let b be f(-6). What is the greatest common divisor of 5 and b?
5
Let f(n) = 2*n**3 + n + 35. Let x be f(0). What is the highest common factor of 42 and x?
7
Let k = -17 - -94. Let r be 46/14 - (-6)/(-21). Let m be (-3)/18 + 134/36*r. Calculate the highest common divisor of k and m.
11
Let j be 32/24 + (-6)/(-9). Suppose 3*a + j*a - 35 = 0. What is the greatest common divisor of 21 and a?
7
Let o be 21/(-42)*(-99 - 1). Calculate the greatest common divisor of o and 620.
10
Suppose 6*k + 16 = 2*k. Let g = 40 + k. Let q(a) = 3*a**3 - 14*a**2 - 4*a + 13. Let b be q(5). Calculate the highest common divisor of g and b.
18
Let b(x) = x**2 - 9*x - 160. Let i be b(25). What is the highest common divisor of 15 and i?
15
Suppose 0 = 3*p - 116 - 1543. Calculate the highest common divisor of p and 7.
7
Let j = 9 - 7. Suppose 2*w - 5*b = 25, 3*b = -2*w + b + 18. Suppose -w = -j*t - 0. Calculate the highest common factor of t and 25.
5
Let d(v) = -v**3 + 21*v**2 + 120. Let n be d(21). What is the greatest common divisor of n and 15?
15
Let z be ((-4)/(-10))/((-2)/60). Let k be (-1)/(-3 - 33/z). Suppose -m - m + 40 = 0. Calculate the greatest common factor of m and k.
4
Let f(o) = o**3 - 8*o**2 - 7*o + 4. Let n be f(9). Let p = 31 - n. Suppose -4*g + 2*g = 2*x - 30, 3*g = p. Calculate the highest common factor of 8 and x.
4
Suppose 7*s = -3*s. Suppose -4*n + 4*t = 2*t - 14, s = -5*n + 5*t + 5. Calculate the greatest common divisor of n and 78.
6
Suppose 2*c + 4*j - 292 = 0, 0*c + 4*c = 4*j + 620. Let p(w) = -w + 10. Let z be p(23). Let x = 6 - z. What is the highest common divisor of x and c?
19
Let q = 861 - 652. What is the highest common factor of 11 and q?
11
Let n = -29 + 55. Let b = -1829 + 2063. Calculate the highest common divisor of b and n.
26
Suppose 8*k + v - 607 = 0, -5*k + 273 = -4*v - 111. Calculate the highest common factor of k and 48.
4
Suppose -9*r + 5*r = -32. Suppose -2*w + r = 5*p, -p = -2*p. Let i(g) = -g + 10. Let x be i(8). Calculate the greatest common divisor of x and w.
2
Let i = 1834 + -1080. What is the greatest common factor of 58 and i?
58
Let t = -15 + 17. Suppose 0*n = n - t*p - 11, -n + 32 = 5*p. Let k = -12 + n. Calculate the greatest common divisor of k and 1.
1
Let d(y) = -3*y**3 - 4*y**2 - 6*y - 7. Suppose 4*g + 12 = -n, 0*g - n = -2*g - 6. Let w be d(g). What is the highest common divisor of w and 14?
14
Let l(u) = 23*u**2 + 4*u + 3. Let c be l(-3). Suppose -2*q + c + 18 = 0. What is the greatest common divisor of q and 12?
12
Suppose -4*a - 150 = -9*a. Suppose 0*s = 7*s - 84. What is the highest common factor of a and s?
6
Let y be 82/6 - 32/48. What is the highest common divisor of y and 325?
13
Let c = 24 + -22. Suppose 2*r = -c*r + q + 36, q = -5*r + 36. Suppose -83 = -3*k - r. Calculate the highest common divisor of 10 and k.
5
Let i = -526 - -669. What is the highest common factor of 77 and i?
11
Let r be (252/70)/(1 + (-3)/5). Let d(f) = 3*f - 27. Let b be d(18). What is the greatest common factor of r and b?
9
Let l(u) = -7*u**3 + u**2 - 2*u. Let g be l(-2). Suppose -4*z = -2*z + g. Let h = 46 + z. What is the greatest common factor of h and 2?
2
Let o(v) = -13*v - 121. Let n be o(-10). What is the greatest common divisor of n and 78?
3
Let s = 44 - -11. Let a be (-2 - 20/(-8))*0. Suppose 0*z - z + s = a. Calculate the highest common factor of z and 11.
11
Let d(k) = 14*k - 3. Let c be d(-1). Let g = c - -41. What is the highest common divisor of g and 8?
8
Suppose -7*j = x - 10*j - 817, -2*x + j = -1619. What is the greatest common divisor of 16 and x?
8
Let g(v) = -38*v + 4. Suppose -10 = 4*o - w, -o + 2*w = 7*w - 8. Let p be g(o). What is the greatest common divisor of p and 10?
10
Suppose -7 = 5*z - 27. Suppose 48 = z*y - 24. Suppose 0 = 2*q + 119 - 407. What is the greatest common factor of y and q?
18
Let a = 94 - 46. Suppose -9 = -3*w, 0 = -5*g - 5*w + w + 122. Let x = a - g. What is the greatest common divisor of 39 and x?
13
Let p = 447 + -762. Let t be (84/15)/((-14)/p). Let n be (-57)/(-4) + 1/(-4). Calculate the greatest common divisor of n and t.
14
Let o be ((-12)/(-16))/((-1)/(-6))*2. Suppose -306 = -15*p + o*p. What is the highest common divisor of p and 34?
17
Suppose y + t - 44 = 37, 150 = 2*y - t. Suppose 0 = -3*s + 7*s - 44. What is the greatest common factor of y and s?
11
Let r = -89119 + 89167. Suppose c = -3*m + 6, -2*m = -c + m. Suppose 48 = c*x + 12. What is the greatest common divisor of r and x?
12
Suppose 11*u = -117 + 810. Let x be (-2)/(-2) - (-9 - -1). Calculate the greatest common factor of u and x.
9
Let w be 1 - (-13 - -1) - 0. Suppose 4*q - 5*k - 77 = 0, 3*q + 6*k = 4*k + 29. What is the highest common divisor of w and q?
13
Let x(f) = f**3 + 3*f**2 - 3*f + 4. Let v be x(-4). Suppose v*t - 8*t = -176. Suppose 0 = 3*g - 2*g - 110. What is the greatest common factor of t and g?
22
Let h = 465 - 453. Calculate the highest common factor of h and 22.
2
Let j(d) = -39*d**2 + 1. Let y be j(-1). Suppose 0*s + 2*s - 122 = 2*z, 0 = 5*z + 15. Let h = y + s. Calculate the greatest common factor of h and 60.
20
Suppose 4*u - 62 = 6. Suppose 5*v + 4*d - 76 = 689, 0 = 3*v + 3*d - 459. Calculate the greatest common divisor of u and v.
17
Suppose -d - 8 = 5*j - j, -j = 5*d - 17. Suppose -o + 0*c - d*c = -86, -2*o - 2*c + 190 = 0. Calculate the highest common factor of o and 14.
14
Let p = 68 + -26. Suppose 25*i - 20*i = 50. Suppose 0 = 4*k - i - 14. Calculate the highest common factor of p and k.
6
Let j = 1378 - 960. What is the highest common divisor of 152 and j?
38
Suppose -3*x + 5*x = 40. Let f = x + -10. Let y = 83 - -7. What is the highest common divisor of y and f?
10
Let k = 33 - 33. Let j(h) = -2*h**2 - h + 48. Let x be j(k). Calculate the highest common divisor of 12 and x.
12
Suppose -592 - 1136 = -4*w. Calculate the highest common divisor of w and 27.
27
Suppose -5*c + 2*a - 390 = a, c = -3*a - 94. Let t = 96 + c. Calculate the highest common divisor of t and 34.
17
Suppose 0 = 5*o - 11 - 514. Let g(m) = -3*m + 19. Let l be g(5). Suppose -5*x = y - 213, x - l*y + 2*y - 36 = 0. What is the greatest common factor of x and o?
21
Suppose 2*n = -z + 36, -z + 54 = z - 2*n. Let d(p) = -261*p + 271. Let x be d(1). Calculate the highest common divisor of z and x.
10
Suppose k = 2*k - 70. Let n(h) = -9*h + 30*h + 5 + h**2 + 5. Let r be n(-21). What is the highest common factor of r and k?
10
Let o(q) = 3*q - 1. Let v be o(3). Suppose -v*f + 5*f = -1644. Suppose l - 3*x + x - 127 = 0, 4*l = -2*x + f. Calculate the highest common factor of 15 and l.
15
Let j be (-6)/(-4) - 18048/(-256). Calculate the highest common factor of j and 168.
24
Suppose 4*q - 172 = -d - 4*d, 2*q = -4*d + 134. Let l = -55 - -37. Let k = l + d. What is the highest common factor of 126 and k?
14
Let h(r) = 20*r**2 + 25*r - 2. Let j be h(3). What is the greatest common factor of j and 22?
11
Let m = 70 - 42. Suppose b - 22 = m. What is the highest common divisor of b and 20?
10
Let t(b) be the first derivative of 7*b**3 + b**2 - 2. Let a be t(2). Let k be (1 + 1)/(2/8). What is the highest common divisor of k and a?
8
Let c = 15 - 5. Suppose w + 0*w = c. Let h(p) = p**3 + 9*p**2 - 33*p + 38. Let v be h(-12). What is the highest common factor of v and w?
2
Suppose 2*m + 5*c - 83 = 0, -4*c + 7*c + 15 = 0. Let q be 3*12 - -1 - 1. Calculate the greatest common factor of m and q.
18
Let c be ((-225)/(-35))/((-27)/(-126)). Calculate the highest common divisor of 9 and c.
3
Suppose 2048 = 4*h - 6*n + 3*n, 5*h - 2560 = 5*n. What is the highest common factor of 16 and h?
16
Let v(w) = -w**3 - 30*w**2 - 33*w - 68. Let y be v(-29). Calculate the highest common divisor of y and 222.
6
Let